{"id":190,"date":"2016-12-29T05:21:26","date_gmt":"2016-12-29T04:21:26","guid":{"rendered":"https:\/\/www.hpih.org\/es\/?page_id=190"},"modified":"2024-07-04T11:21:11","modified_gmt":"2024-07-04T09:21:11","slug":"quienes-somos","status":"publish","type":"page","link":"https:\/\/www.hpih.org\/es\/quienes-somos\/","title":{"rendered":"Qui\u00e9nes somos"},"content":{"rendered":"<div id=\"cs-content\" class=\"cs-content\"><div id=\"x-section-1\"  class=\"x-section\"  style=\"margin: 0px;padding: 0px; background-color: transparent;\"   ><div  class=\"x-container max width\"  style=\"margin: 0px auto;padding: 0px;\"   ><div  class=\"x-column x-sm x-1-1\" style=\"padding: 0px;\" ><h2  class=\"h-custom-headline h3 accent\" style=\"color: hsl(0, 100%, 50%);\"><span>Qui\u00e9nes somos<\/span><\/h2><blockquote  class=\"x-blockquote\" >Algo especial acaba de suceder durante 2024. La C\u00e1mara de Comercio Hispano Polaca ha celebrado el treinta aniversario de su fundaci\u00f3n y en el 2026 conmemoraremos el 85 aniversario de la primera inauguraci\u00f3n.<\/p>\n<p>La C\u00e1mara fue fundada en 1994, en Barcelona, por un grupo de hombres de negocios con su iniciador, el ing. Andrzej Swirkowski como presidente-fundador, que vieron la necesidad de crear una infraestructura internacional a trav\u00e9s de la cual, poder facilitar operaciones de negocios entre Polonia y Espa\u00f1a, para no solo poder operar ellos mismos, sino tambi\u00e9n para el beneficio de la comunidad empresarial espa\u00f1ola y polaca en general.<\/p>\n<p>Durante los \u00faltimos seis lustros, el objetivo de la C\u00e1mara ha sido apoyar e intensificar las relaciones comerciales entre Polonia y Espa\u00f1a, fomentar los intereses empresariales de sus socios y orientar al resto de interesados, para desarrollar una red de trabajo que juntase a todas las personas involucradas en el comercio entre los dos pa\u00edses.<\/p>\n<p>En este a\u00f1o 2024, meditaremos sobre el desarrollo de las relaciones comerciales que hemos fomentado, y continuaremos mejorando nuestros servicios, que la C\u00e1mara ha dedicado a favor de los intereses de la comunidad de negocios Hispano-Polaca.<\/p>\n<p>Es una gran satisfacci\u00f3n observar el progreso que han alcanzado Polonia, Espa\u00f1a y sus empresas durante estos a\u00f1os, y esperamos con ilusi\u00f3n ser testigos y participes de los futuros proyectos que nos esperan en los pr\u00f3ximos a\u00f1os.<cite class=\"x-cite\">Javier Sosnowski, Presidente de la C\u00e1mara<\/cite><\/blockquote><\/div><\/div><\/div><div id=\"x-section-2\"  class=\"x-section\"  style=\"margin: 0px;padding: 0px; background-color: transparent;\"   ><div  class=\"x-container max width\"  style=\"margin: 0px auto;padding: 0px;\"   ><div  class=\"x-column x-sm x-1-1\" style=\"padding: 0px;\" ><div  class=\"x-accordion\" ><div  class=\"x-accordion-group\"  data-cs-collapse-group><div class=\"x-accordion-heading\"><a class=\"x-accordion-toggle collapsed\" data-cs-collapse-toggle  >Junta Directiva<\/a><\/div><div class=\"x-accordion-body collapse\" data-cs-collapse-content><div class=\"x-accordion-inner\">Presidente: Javier Sosnowski<\/p>\n<p>Vicepresidente: Jorge Blanco Estevan<\/p>\n<p>Secretario General: Fernando Borrachero Kieselack<\/p>\n<p>Tesorero: Aurora Fern\u00e1ndez Marti<\/p>\n<p>Vocales: Patricia Camacho Fern\u00e1ndez<br \/>\nFelipe Martin Garcia<\/div><\/div><\/div><div  class=\"x-accordion-group\"  data-cs-collapse-group><div class=\"x-accordion-heading\"><a class=\"x-accordion-toggle collapsed\" data-cs-collapse-toggle  >Introducci\u00f3n e historia<\/a><\/div><div class=\"x-accordion-body collapse\" data-cs-collapse-content><div class=\"x-accordion-inner\">La C\u00e1mara Hispano Polaca de Comercio, con sede central en Madrid y delegaci\u00f3n en Barcelona, ha reiniciado su actividad en enero de 1994 en Barcelona, luego de 58 a\u00f1os de interrupci\u00f3n. La participaci\u00f3n en la C\u00e1mara es voluntaria, no subvencionada por instituciones p\u00fablicas, actuando como asociaci\u00f3n sin fines de lucro, con arreglo a la legislaci\u00f3n espa\u00f1ola. Re\u00fane a firmas polacas radicadas o que mantienen relaciones comerciales con Espa\u00f1a y empresas espa\u00f1olas vinculadas con Polonia.<\/div><\/div><\/div><div  class=\"x-accordion-group\"  data-cs-collapse-group><div class=\"x-accordion-heading\"><a class=\"x-accordion-toggle collapsed\" data-cs-collapse-toggle  >C\u00e1mara de Comercio Hispano Polaca 1931-1936<\/a><\/div><div class=\"x-accordion-body collapse\" data-cs-collapse-content><div class=\"x-accordion-inner\">En octubre de 1931, gracias a la iniciativa del grupo de empresarios y el especial inter\u00e9s de Tadeusz Nieduszy\u0144ski, Consejero Comercial de la Legaci\u00f3n de la Rep\u00fablica de Polonia en Madrid, empez\u00f3 a funcionar en Barcelona la C\u00e1mara de Comercio Hispano Polaca. El Consulado estaba entonces en la calle Fontanella n\u00famero 10, compartiendo su oficina con la C\u00e1mara de Comercio Hispano &#8211; Polaca. \u201eA partir de 1932, la propaganda y los contactos comerciales eran competencia de la ya mencionada C\u00e1mara de Comercio Hispano Polaca. Un ciudadano espa\u00f1ol de origen polaco, Zygmunt Schorr, fue nombrado presidente. La secretaria fui yo (Wanda Morbitzer-Tozer, nota de la Red.), mientras que Eduardo Rod\u00f3n fue la fuerza motora. La C\u00e1mara muri\u00f3 de forma natural al estallar la Guerra Civil en 1936.<\/p>\n<p>La c\u00e1mara promov\u00eda el desarrollo de las relaciones comerciales polaco-espa\u00f1olas y aportaba informaci\u00f3n sobre la econom\u00eda de Polonia. En el bolet\u00edn de la C\u00e1mara de Comercio se publicaban tambi\u00e9n anuncios de empresarios que buscaban contactos en Polonia, as\u00ed como tambi\u00e9n se promov\u00edan ferias en Polonia. Zygmunt Schorr era tambi\u00e9n el representante oficial en la Feria Internacional de Pozna\u0144.<\/p>\n<p>Tadeusz Nieduszy\u0144ski conoc\u00eda y se orientaba muy bien en el mercado espa\u00f1ol, lo que le llev\u00f3 a escribir un libro editado en 1936 como el volumen I de las Monograf\u00edas Geogr\u00e1fico-Comerciales de la Gu\u00eda de la Exportaci\u00f3n, dirigida a los empresarios polacos con negocios en Espa\u00f1a. Las informaciones del libro son muy detalladas y est\u00e1n bien estructuradas, se presentan, de forma separada, los datos sobre la industria, la miner\u00eda, el transporte, el comercio (conjuntamente con los m\u00e9todos de penetrar los mercados), y tambi\u00e9n la agricultura y ganader\u00eda. El autor incluso incluy\u00f3 en su publicaci\u00f3n \u2014titulada simplemente \u201c<em>Espa\u00f1a\u201d<\/em>\u2014una mini gu\u00eda tur\u00edstica y un mapa plegable de la Pen\u00ednsula Ib\u00e9rica.\u00bb<\/p>\n<p>Las circunstancias de la guerra civil espa\u00f1ola (1936 \u2013 1939) puso fin a la actividad de la C\u00e1mara de Comercio Hispano Polaca hasta su nueva apertura en 1994.<\/p>\n<p>Fuente: Ministerio de Relaciones Exteriores de Polonia (MSZ)<\/div><\/div><\/div><\/div><\/div><\/div><\/div><div id=\"x-section-3\"  class=\"x-section\"  style=\"margin: 0px;padding: 0px 0px 20px; background-color: transparent;\"   ><div  class=\"x-container max width\"  style=\"margin: 0px auto;padding: 0px;\"   ><div  class=\"x-column x-sm x-1-1\" style=\"padding: 0px;\" ><h2  class=\"h-custom-headline h3 accent\" style=\"color: hsl(0, 100%, 50%);\"><span>Nuestra misi\u00f3n<\/span><\/h2><hr  class=\"x-gap\" style=\"margin: 50px 0 0 0;\"><ul  class=\"x-nav x-nav-tabs three-up top\" data-x-element=\"tab_nav\" data-x-params=\"{&quot;orientation&quot;:&quot;horizontal&quot;}\"  ><li  class=\"x-nav-tabs-item active\" ><a data-cs-tab-toggle=\"1\" >Misi\u00f3n<\/a><\/li><li  class=\"x-nav-tabs-item\" ><a data-cs-tab-toggle=\"2\" >Visi\u00f3n<\/a><\/li><li  class=\"x-nav-tabs-item\" ><a data-cs-tab-toggle=\"3\" >Objetivos<\/a><\/li><\/ul><div  class=\"x-tab-content\" ><div data-cs-tab-index=\"1\" class=\"x-tab-pane fade in active\" >Fomentar el comercio, los flujos de inversi\u00f3n y la cooperaci\u00f3n, al fortalecer los v\u00ednculos, la informaci\u00f3n, la educaci\u00f3n y la cultura entre Espa\u00f1a y Polonia, buscando ser un lugar din\u00e1mico de negocios, informaci\u00f3n, consultor\u00eda y asesor\u00eda para las personas y empresas interesadas en establecer o fortalecer relaciones bilaterales.<\/div><div data-cs-tab-index=\"2\" class=\"x-tab-pane fade in\" >Ser la referencia obligada para los empresarios espanoles y polacos interesados en establecer o fortalecer v\u00ednculos comerciales y culturales bilaterales, reconocida por la calidad y eficacia de sus servicios.<\/div><div data-cs-tab-index=\"3\" class=\"x-tab-pane fade in\" >\n<ul>\n<li><span lang=\"ES\">Fomentar el intercambio comercial y los flujos de inversi\u00f3n<\/span><\/li>\n<li><span lang=\"ES\">Apoyar la integraci\u00f3n de sociedades mixtas.<\/span><\/li>\n<li><span lang=\"ES\">Impulsar iniciativas de todo tipo que contribuyan al desarrollo\u00a0\u00a0 econ\u00f3mico y comercial de ambos pa\u00edses.<\/span><\/li>\n<li><span lang=\"ES\">Promover y apoyar a sus socios e instituciones en las actividades bilaterales entre Espa<\/span><span lang=\"ES\">\u00f1<\/span><span lang=\"ES\">a y Polonia, y los pa\u00edses de MERCOSUR, Alianza del Pacifico, CAN y Latinoam\u00e9rica en general.<\/span><\/li>\n<li><span lang=\"ES\">Intercambiar informaci\u00f3n, ayudas y cooperaci\u00f3n, para apoyar a los empresarios e instituciones a resolver sus necesidades.<\/span><\/li>\n<li>\u00a0<span lang=\"ES\">Asesorar en la creaci\u00f3n o implantaci\u00f3n de empresas en Polonia y Espa<\/span><span lang=\"ES\">\u00f1<\/span><span lang=\"ES\">a.<\/span><\/li>\n<li>\u00a0<span lang=\"ES\">Apoyar el acceso a nuevos mercados, tecnolog\u00edas o conocimientos a las empresas o personas que desarrollen actividades comerciales o profesionales.<\/span><\/li>\n<li><span lang=\"ES\">Estimular el libre comercio, velar por el mantenimiento de las buenas relaciones entre el sector privado y las administraciones p\u00fablicas de ambos pa\u00edses, e incentivar y apoyar a sus asociados en la consecuci\u00f3n de nuevas oportunidades de negocios.<\/span><\/li>\n<\/ul>\n<\/div><\/div><\/div><\/div><\/div><\/div>\n","protected":false},"excerpt":{"rendered":"Qui\u00e9nes somosAlgo especial acaba de suceder durante 2024. La C\u00e1mara de Comercio Hispano Polaca ha celebrado el treinta aniversario de su fundaci\u00f3n y en el 2026 conmemoraremos el 85 aniversario ...","protected":false},"author":4,"featured_media":0,"parent":0,"menu_order":0,"comment_status":"closed","ping_status":"closed","template":"template-layout-content-sidebar.php","meta":[],"_links":{"self":[{"href":"https:\/\/www.hpih.org\/es\/wp-json\/wp\/v2\/pages\/190"}],"collection":[{"href":"https:\/\/www.hpih.org\/es\/wp-json\/wp\/v2\/pages"}],"about":[{"href":"https:\/\/www.hpih.org\/es\/wp-json\/wp\/v2\/types\/page"}],"author":[{"embeddable":true,"href":"https:\/\/www.hpih.org\/es\/wp-json\/wp\/v2\/users\/4"}],"replies":[{"embeddable":true,"href":"https:\/\/www.hpih.org\/es\/wp-json\/wp\/v2\/comments?post=190"}],"version-history":[{"count":14,"href":"https:\/\/www.hpih.org\/es\/wp-json\/wp\/v2\/pages\/190\/revisions"}],"predecessor-version":[{"id":971,"href":"https:\/\/www.hpih.org\/es\/wp-json\/wp\/v2\/pages\/190\/revisions\/971"}],"wp:attachment":[{"href":"https:\/\/www.hpih.org\/es\/wp-json\/wp\/v2\/media?parent=190"}],"curies":[{"name":"wp","href":"https:\/\/api.w.org\/{rel}","templated":true}]}}

Quiénes somos

<div id="cs-content" class="cs-content"><div id="x-section-1"  class="x-section"  style="margin: 0px;padding: 0px; background-color: transparent;"   ><div  class="x-container max width"  style="margin: 0px auto;padding: 0px;"   ><div  class="x-column x-sm x-1-1" style="padding: 0px;" ><h2  class="h-custom-headline h3 accent" style="color: hsl(0, 100%, 50%);"><span>Quiénes somos</span></h2><blockquote  class="x-blockquote" >Algo especial acaba de suceder durante 2024. La Cámara de Comercio Hispano Polaca ha celebrado el treinta aniversario de su fundación y en el 2026 conmemoraremos el 85 aniversario de la primera inauguración.</p>
<p>La Cámara fue fundada en 1994, en Barcelona, por un grupo de hombres de negocios con su iniciador, el ing. Andrzej Swirkowski como presidente-fundador, que vieron la necesidad de crear una infraestructura internacional a través de la cual, poder facilitar operaciones de negocios entre Polonia y España, para no solo poder operar ellos mismos, sino también para el beneficio de la comunidad empresarial española y polaca en general.</p>
<p>Durante los últimos seis lustros, el objetivo de la Cámara ha sido apoyar e intensificar las relaciones comerciales entre Polonia y España, fomentar los intereses empresariales de sus socios y orientar al resto de interesados, para desarrollar una red de trabajo que juntase a todas las personas involucradas en el comercio entre los dos países.</p>
<p>En este año 2024, meditaremos sobre el desarrollo de las relaciones comerciales que hemos fomentado, y continuaremos mejorando nuestros servicios, que la Cámara ha dedicado a favor de los intereses de la comunidad de negocios Hispano-Polaca.</p>
<p>Es una gran satisfacción observar el progreso que han alcanzado Polonia, España y sus empresas durante estos años, y esperamos con ilusión ser testigos y participes de los futuros proyectos que nos esperan en los próximos años.<cite class="x-cite">Javier Sosnowski, Presidente de la Cámara</cite></blockquote></div></div></div><div id="x-section-2"  class="x-section"  style="margin: 0px;padding: 0px; background-color: transparent;"   ><div  class="x-container max width"  style="margin: 0px auto;padding: 0px;"   ><div  class="x-column x-sm x-1-1" style="padding: 0px;" ><div  class="x-accordion" ><div  class="x-accordion-group"  data-cs-collapse-group><div class="x-accordion-heading"><a class="x-accordion-toggle collapsed" data-cs-collapse-toggle  >Junta Directiva</a></div><div class="x-accordion-body collapse" data-cs-collapse-content><div class="x-accordion-inner">Presidente: Javier Sosnowski</p>
<p>Vicepresidente: Jorge Blanco Estevan</p>
<p>Secretario General: Fernando Borrachero Kieselack</p>
<p>Tesorero: Aurora Fernández Marti</p>
<p>Vocales: Patricia Camacho Fernández<br />
Felipe Martin Garcia</div></div></div><div  class="x-accordion-group"  data-cs-collapse-group><div class="x-accordion-heading"><a class="x-accordion-toggle collapsed" data-cs-collapse-toggle  >Introducción e historia</a></div><div class="x-accordion-body collapse" data-cs-collapse-content><div class="x-accordion-inner">La Cámara Hispano Polaca de Comercio, con sede central en Madrid y delegación en Barcelona, ha reiniciado su actividad en enero de 1994 en Barcelona, luego de 58 años de interrupción. La participación en la Cámara es voluntaria, no subvencionada por instituciones públicas, actuando como asociación sin fines de lucro, con arreglo a la legislación española. Reúne a firmas polacas radicadas o que mantienen relaciones comerciales con España y empresas españolas vinculadas con Polonia.</div></div></div><div  class="x-accordion-group"  data-cs-collapse-group><div class="x-accordion-heading"><a class="x-accordion-toggle collapsed" data-cs-collapse-toggle  >Cámara de Comercio Hispano Polaca 1931-1936</a></div><div class="x-accordion-body collapse" data-cs-collapse-content><div class="x-accordion-inner">En octubre de 1931, gracias a la iniciativa del grupo de empresarios y el especial interés de Tadeusz Nieduszyński, Consejero Comercial de la Legación de la República de Polonia en Madrid, empezó a funcionar en Barcelona la Cámara de Comercio Hispano Polaca. El Consulado estaba entonces en la calle Fontanella número 10, compartiendo su oficina con la Cámara de Comercio Hispano &#8211; Polaca. „A partir de 1932, la propaganda y los contactos comerciales eran competencia de la ya mencionada Cámara de Comercio Hispano Polaca. Un ciudadano español de origen polaco, Zygmunt Schorr, fue nombrado presidente. La secretaria fui yo (Wanda Morbitzer-Tozer, nota de la Red.), mientras que Eduardo Rodón fue la fuerza motora. La Cámara murió de forma natural al estallar la Guerra Civil en 1936.</p>
<p>La cámara promovía el desarrollo de las relaciones comerciales polaco-españolas y aportaba información sobre la economía de Polonia. En el boletín de la Cámara de Comercio se publicaban también anuncios de empresarios que buscaban contactos en Polonia, así como también se promovían ferias en Polonia. Zygmunt Schorr era también el representante oficial en la Feria Internacional de Poznań.</p>
<p>Tadeusz Nieduszyński conocía y se orientaba muy bien en el mercado español, lo que le llevó a escribir un libro editado en 1936 como el volumen I de las Monografías Geográfico-Comerciales de la Guía de la Exportación, dirigida a los empresarios polacos con negocios en España. Las informaciones del libro son muy detalladas y están bien estructuradas, se presentan, de forma separada, los datos sobre la industria, la minería, el transporte, el comercio (conjuntamente con los métodos de penetrar los mercados), y también la agricultura y ganadería. El autor incluso incluyó en su publicación —titulada simplemente “<em>España”</em>—una mini guía turística y un mapa plegable de la Península Ibérica.»</p>
<p>Las circunstancias de la guerra civil española (1936 – 1939) puso fin a la actividad de la Cámara de Comercio Hispano Polaca hasta su nueva apertura en 1994.</p>
<p>Fuente: Ministerio de Relaciones Exteriores de Polonia (MSZ)</div></div></div></div></div></div></div><div id="x-section-3"  class="x-section"  style="margin: 0px;padding: 0px 0px 20px; background-color: transparent;"   ><div  class="x-container max width"  style="margin: 0px auto;padding: 0px;"   ><div  class="x-column x-sm x-1-1" style="padding: 0px;" ><h2  class="h-custom-headline h3 accent" style="color: hsl(0, 100%, 50%);"><span>Nuestra misión</span></h2><hr  class="x-gap" style="margin: 50px 0 0 0;"><ul  class="x-nav x-nav-tabs three-up top" data-x-element="tab_nav" data-x-params="{&quot;orientation&quot;:&quot;horizontal&quot;}"  ><li  class="x-nav-tabs-item active" ><a data-cs-tab-toggle="1" >Misión</a></li><li  class="x-nav-tabs-item" ><a data-cs-tab-toggle="2" >Visión</a></li><li  class="x-nav-tabs-item" ><a data-cs-tab-toggle="3" >Objetivos</a></li></ul><div  class="x-tab-content" ><div data-cs-tab-index="1" class="x-tab-pane fade in active" >Fomentar el comercio, los flujos de inversión y la cooperación, al fortalecer los vínculos, la información, la educación y la cultura entre España y Polonia, buscando ser un lugar dinámico de negocios, información, consultoría y asesoría para las personas y empresas interesadas en establecer o fortalecer relaciones bilaterales.</div><div data-cs-tab-index="2" class="x-tab-pane fade in" >Ser la referencia obligada para los empresarios espanoles y polacos interesados en establecer o fortalecer vínculos comerciales y culturales bilaterales, reconocida por la calidad y eficacia de sus servicios.</div><div data-cs-tab-index="3" class="x-tab-pane fade in" >
<ul>
<li><span lang="ES">Fomentar el intercambio comercial y los flujos de inversión</span></li>
<li><span lang="ES">Apoyar la integración de sociedades mixtas.</span></li>
<li><span lang="ES">Impulsar iniciativas de todo tipo que contribuyan al desarrollo   económico y comercial de ambos países.</span></li>
<li><span lang="ES">Promover y apoyar a sus socios e instituciones en las actividades bilaterales entre Espa</span><span lang="ES">ñ</span><span lang="ES">a y Polonia, y los países de MERCOSUR, Alianza del Pacifico, CAN y Latinoamérica en general.</span></li>
<li><span lang="ES">Intercambiar información, ayudas y cooperación, para apoyar a los empresarios e instituciones a resolver sus necesidades.</span></li>
<li> <span lang="ES">Asesorar en la creación o implantación de empresas en Polonia y Espa</span><span lang="ES">ñ</span><span lang="ES">a.</span></li>
<li> <span lang="ES">Apoyar el acceso a nuevos mercados, tecnologías o conocimientos a las empresas o personas que desarrollen actividades comerciales o profesionales.</span></li>
<li><span lang="ES">Estimular el libre comercio, velar por el mantenimiento de las buenas relaciones entre el sector privado y las administraciones públicas de ambos países, e incentivar y apoyar a sus asociados en la consecución de nuevas oportunidades de negocios.</span></li>
</ul>
</div></div></div></div></div></div>

Quiénes somosAlgo especial acaba de suceder durante 2024. La Cámara de Comercio Hispano Polaca ha celebrado el treinta aniversario de su fundación y en el 2026 conmemoraremos el 85 aniversario ...
